8
Let c(n) = n**3 - 12*n**2 - 6*n + 207. What is c(12)?
135
Let k(y) = -y**2 - 7*y + 681. Calculate k(-30).
-9
Let q(k) = 11642*k + 81490. Give q(-7).
-4
Let w(m) = 6*m**2 + 16*m - 28. Calculate w(-4).
4
Let m(v) = 3*v + 248. What is m(11)?
281
Let x(c) = -20*c + 522. Give x(20).
122
Let q(c) = 22*c - 187. What is q(24)?
341
Let s(g) = g**2 + 13*g - 6. What is s(-9)?
-42
Let k(y) = -41*y + 134. Determine k(4).
-30
Let s(i) = 2*i**2 - 91*i + 322. What is s(4)?
-10
Let v(y) = y**3 - 3*y**2 - 46*y - 27. Calculate v(-6).
-75
Let w(r) = r**2 - 59*r + 815. Give w(33).
-43
Let p(j) = j**3 + 52*j**2 - 52*j + 227. Calculate p(-53).
174
Let w(v) = 32*v + 2222. What is w(-69)?
14
Let a(r) = -r**2 + 22*r - 72. Give a(18).
0
Let m(t) = 1952*t + 11719. Give m(-6).
7
Let y(i) = -5*i - 104. What is y(27)?
-239
Let p(q) = q**2 + 130*q + 1287. What is p(-11)?
-22
Let u(r) = 4*r**3 - 425*r**2 - 342*r + 2240. Determine u(107).
-7
Let t(o) = -3*o**2 + 25*o - 45. Calculate t(0).
-45
Let b(x) = -x**3 + 9*x**2 + 9*x - 28. Determine b(4).
88
Let s(u) = -u**3 - 6*u**2 + 91*u - 2. Calculate s(-13).
-2
Let n(t) = t**3 + 197*t**2 - 1015*t + 17. What is n(5)?
-8
Let y(d) = 7*d**2 + 644*d + 1253. Calculate y(-90).
-7
Let w(c) = 5*c**3 - 7*c**2 - 17*c + 21. Give w(2).
-1
Let d(q) = 2*q**3 + 29*q**2 + 61*q + 5. Give d(-12).
-7
Let c(k) = -9*k**2 + 6*k - 13. Determine c(2).
-37
Let z(s) = s**2 - 12*s - 22. Calculate z(10).
-42
Let c(b) = -4*b**2 - 17*b + 670. Determine c(-15).
25
Let w(c) = -c**3 + 8*c**2 - 34. What is w(7)?
15
Let t(i) = -i**3 - 49*i**2 + 342*i + 114. Calculate t(-55).
-546
Let l(o) = -218*o**2 + 11*o - 11. Calculate l(1).
-218
Let f(q) = -9*q + 369. What is f(-51)?
828
Let n(l) = -l**3 + 4*l**2 + 5*l - 8. Calculate n(4).
12
Let w(m) = -38*m**3 - 3*m - 3. Give w(-1).
38
Let s(n) = -426*n + 9369. Calculate s(22).
-3
Let p(a) = -a**3 - 29*a**2 + 94*a - 74. Give p(-32).
-10
Let u(v) = -v**3 + 33*v**2 + 377*v - 10. Determine u(-9).
-1
Let q(l) = -l**3 - 48*l**2 - 137*l - 97. Give q(-45).
-7
Let b(y) = 64*y + 2090. What is b(-33)?
-22
Let l(u) = u**3 + 26*u**2 - 159*u - 50. Calculate l(-31).
74
Let z(x) = -35*x - 610. What is z(-14)?
-120
Let r(p) = p**3 + 6*p**2 + 16*p + 58. Calculate r(-5).
3
Let x(p) = 6*p**3 - 132*p**2 + 5*p - 109. Determine x(22).
1
Let q(o) = o**3 - 4*o**2 - 3*o - 3. Determine q(-2).
-21
Let n(d) = d**3 - 7*d**2 + 7*d - 11. Give n(8).
109
Let j(b) = b**2 - 3449*b + 78796. Calculate j(23).
-2
Let j(c) = 3*c**2 + 110*c - 232. What is j(2)?
0
Let q(i) = -59*i - 253. Determine q(-3).
-76
Let g(a) = -30*a + 1223. Give g(40).
23
Let k(l) = -14*l + 208. Determine k(12).
40
Let v(w) = -12410*w + 136517. Calculate v(11).
7
Let q(k) = 1051*k + 3186. Determine q(-3).
33
Let z(p) = -67*p - 1113. Give z(-16).
-41
Let c(a) = a**2 + 21*a + 118. Give c(-15).
28
Let a(d) = -d**2 + 24*d + 328. What is a(-10)?
-12
Let q(p) = 70*p - 921. Give q(14).
59
Let h(s) = -s**2 + 3*s + 343. Determine h(20).
3
Let c(b) = -2906*b + 8662. Give c(3).
-56
Let p(f) = 30*f + 127. Calculate p(-4).
7
Let w(f) = -f**2 + 157*f + 1311. Calculate w(-8).
-9
Let u(w) = w**3 - 40*w**2 + 8*w - 310. Give u(40).
10
Let c(f) = -351*f - 2822. What is c(-8)?
-14
Let p(i) = -i**3 - 37*i**2 + 26*i - 419. Calculate p(-38).
37
Let q(k) = 48*k - 621. Determine q(6).
-333
Let h(g) = -546*g + 18007. Calculate h(33).
-11
Let b(k) = k**3 - 11*k**2 - 32*k + 60. Give b(13).
-18
Let q(o) = -2*o**3 + 5*o**2 + 54*o - 188. Calculate q(4).
-20
Let t(c) = -c**3 + 10*c - 1. Determine t(-7).
272
Let f(l) = 15*l**3 - l**2 - 270*l - 270. Determine f(-1).
-16
Let w(g) = -2*g**2 + 136*g - 1115. Give w(59).
-53
Let z(t) = -4*t**2 + 25*t - 72. Calculate z(11).
-281
Let p(z) = 434*z + 4473. Determine p(-10).
133
Let z(k) = -k**2 + 80*k - 960. Give z(60).
240
Let f(h) = -3*h**3 + h**2 + 20*h - 21. Give f(1).
-3
Let m(r) = 22*r - 125. What is m(8)?
51
Let n(w) = 2*w**2 - 906*w - 4559. Determine n(-5).
21
Let g(l) = l**3 + 27*l**2 + 2*l - 120. What is g(-27)?
-174
Let g(u) = -77*u**2 + 542*u + 5. Determine g(7).
26
Let n(y) = 17*y**2 - 37*y - 37. Give n(3).
5
Let j(y) = -y**3 - 9*y**2 - 729*y - 3547. Calculate j(-5).
-2
Let q(j) = 3*j**3 - 6*j**2 - 8*j + 2. Give q(-4).
-254
Let y(j) = -39*j - 92. What is y(-2)?
-14
Let a(x) = -x**2 + 15*x + 369. Calculate a(26).
83
Let a(w) = 3*w**2 - 97*w - 9. Calculate a(35).
271
Let x(a) = a**2 + 212*a + 6766. Give x(-39).
19
Let p(n) = n**3 + 89*n**2 + 340*n + 8. Calculate p(-85).
8
Let g(m) = 3*m**2 - 17*m + 24. Calculate g(2).
2
Let x(u) = -20612*u - 123668. Determine x(-6).
4
Let q(m) = -m**2 + 17*m + 690. What is q(-19)?
6
Let z(y) = y**2 - 30*y - 13144. Determine z(-101).
87
Let r(u) = -2*u**3 - 147*u**2 - 92*u - 1418. Determine r(-73).
-31
Let n(v) = -2*v**3 - 208*v**2 + 9*v + 919. Determine n(-104).
-17
Let w(f) = -88*f + 5016. Calculate w(57).
0
Let u(j) = -j**3 + 50*j**2 + 3733*j - 187. Calculate u(91).
-5
Let u(w) = 20*w**3 + 5*w**2 - 3*w - 6. What is u(-1)?
-18
Let l(k) = 61*k - 221. Calculate l(8).
267
Let b(g) = g**3 - 6*g**2 - 222*g - 624. What is b(-10)?
-4
Let u(q) = 7*q**2 - 96*q + 6. Determine u(13).
-59
Let y(z) = -125*z + 32123. Calculate y(257).
-2
Let h(u) = 2*u**3 - 26*u**2 + 2231*u - 26481. Give h(12).
3
Let d(h) = h**3 + 34*h**2 - 13*h - 437. Determine d(-34).
5
Let w(x) = x**2 - 54*x - 2601. What is w(-30)?
-81
Let b(m) = 2*m + 154. Give b(-11).
132
Let a(o) = -o**2 - 34*o - 71. Calculate a(-29).
74
Let h(w) = w**3 + 2*w**2 + 2*w - 13. Calculate h(2).
7
Let l(k) = 12*k**2 - 12*k - 18. What is l(-2)?
54
Let b(r) = 67*r + 766. What is b(-11)?
29
Let m(f) = 3*f**2 - 121*f + 64. Determine m(39).
-92
Let l(x) = 4*x - 9. What is l(7)?
19
Let s(u) = u**2 + 56*u - 466. Determine s(8).
46
Let k(w) = -5*w**2 - 24*w - 139. What is k(5)?
-384
Let d(o) = -7*o**2 + 3*o + 57. What is d(-3)?
-15
Let a(v) = 62*v - 46. Determine a(-2).
-170
Let y(g) = 5*g**3 + 16*g**2 + 41*g - 15. Give y(-5).
-445
Let f(g) = 3*g**3 + 3*g**2 + 664*g + 1339. What is f(-2)?
-1
Let n(v) = 628*v - 1802. Calculate n(3).
82
Let i(t) = 156*t - 150. Determine i(1).
6
Let c(i) = i**3 + 173*i**2 + 182*i + 1706. Give c(-172).
-14
Let o(z) = -z**2 + 34*z + 5188. Give o(-57).
1
Let d(t) = 36*t + 1102. Determine d(-31).
-14
Let v(k) = 296*k + 876. Determine v(-3).
-12
Let f(o) = 4*o**2 + 16*o - 83. Calculate f(-8).
45
Let b(u) = -20*u - 11. Calculate b(-5).
89
Let i(u) = -89*u - 528. What is i(-5)?
-83
Let n(u) = -5*u**2 - 165*u + 166. Calculate n(1).
-4
Let m(g) = -g**2 + 111*g + 1110. Calculate m(120).
30
Let r(f) = -f**3 - 200*f**2 - 200*f - 225. Determine r(-199).
-26
Let h(g) = g**3 - 37*g**2 + g - 114. Calculate h(37).
-77
Let k(l) = 10*l**2 + 7*l + 12. Determine k(-2).
38
Let k(h) = h**2 + 6*h - 112. Give k(15).
203
Let n(k) = -3*k - 308. What is n(-8)?
-284
Let c(b) = b**3 - 8*b**2 + 6*b - 113. Calculate c(8).
-65
Let k(f) = 33*f - 199. Determine k(7).
32
Let c(x) = 5*x**2 - 8*x - 38. Calculate c(-6).
190
Let w(n) = 9*n**3 - 69*n**2 - n - 193. Calculate w(8).
-9
Let j(x) = -x**3 + 113*x**2 - 228*x + 677. What is j(111)?
11
Let h(t) = -396*t + 5952. Calculate h(15).
12
Let h(j) = -2*j**3 - 110*j**2 + j + 9. Calculate h(-55).
-46
Let s(o) = 21*o**2 + 4*o - 1. Determine s(-4).
319
Let b(o) = 3*o**2 + 59*o + 354. Give b(-9).
66
Let c(b) = b**3 + 22*b**2 + 8*b + 32. Calculate c(-22).
-144
Let c(r) = -r**2 - 162*r + 496. Calculate c(3).
1
Let l(r) = 15*r - 517. Give l(38).
53
Let s(o) = -2262*o**2 - 40718*o - 41. What is s(-18)?
-5
Let o(z) = z**2 - 285*z - 3263. Determine o(-11).
-7
Let p(g) = -g**3 + 30*g**2 - 63*g + 13. Calculate p(27).
499
Let g(j) = -j**2 + 112*j - 2308. Determine g(27).
-13
Let i(o) = -2*o**3 + 8*o**2 - 8*o - 6. Calculate i(4).
-38
Let w(f) = -f**2 + 355*f + 5131. Determine w(-14).
-35
Let s(z) = 298*z + 10133. What is s(-34)?
1
Let h(k) = -2*k**3 + 142*k**2 - 788*k + 531. What is h(65)?
11
Let v(s) = 2*s**3 + 32*s**2 - 30*s + 160. What is v(-17)?
92
Let b(v) = 9*v**3 + 24*v**2 - 33*v - 93. Calculate b(-3).
-21
Let y(x) = 57*x + 2443. Determine y(-45).
-122
Let k(q) = -3*q**2 + 16*q + 370. What is k(-9)?
-17
Let r(t) = -25*t**2 + 4*t - 4. What is r(1)?
-25
Let x(b) = 214*b**2 + 4*b + 10. Calculate x(2).
874
Let v(q) = q**3 - 10*q**2 + 37*q - 294. Give v(8).
-126
Let b(d) = 131